252?
True
Does 913 divide 1075514?
True
Does 136 divide 507552?
True
Does 20 divide 6226880?
True
Does 43 divide 3989583?
True
Is 235 a factor of 8100685?
True
Does 20 divide 3139240?
True
Is 11774466 a multiple of 22?
True
Does 536 divide 23322503?
False
Is 81767 a multiple of 7?
True
Does 66 divide 513942?
True
Is 20 a factor of 1214860?
True
Is 917663 a multiple of 9?
False
Does 8 divide 2178?
False
Is 171802 a multiple of 34?
True
Is 32 a factor of 2019552?
True
Is 10 a factor of 815210?
True
Is 25 a factor of 7025928?
False
Is 424 a factor of 4863214?
False
Is 511868 a multiple of 362?
True
Does 247 divide 1770778?
False
Is 965204 a multiple of 29?
False
Does 136 divide 394400?
True
Does 558 divide 1791032?
False
Does 57 divide 498522?
True
Is 13 a factor of 331522?
False
Is 3 a factor of 252706?
False
Is 101 a factor of 332088?
True
Does 11 divide 12041848?
False
Is 809 a factor of 6385973?
False
Does 157 divide 61217?
False
Does 8 divide 74096?
True
Is 277550 a multiple of 65?
True
Does 66 divide 173767?
False
Is 10980457 a multiple of 486?
False
Does 282 divide 53298?
True
Is 55040 a multiple of 10?
True
Is 1809873 a multiple of 499?
True
Is 878850 a multiple of 310?
True
Is 4 a factor of 60428?
True
Is 71 a factor of 994191?
False
Is 16 a factor of 8768?
True
Is 21 a factor of 13029786?
True
Is 834009 a multiple of 199?
True
Does 18 divide 8460?
True
Does 148 divide 108838?
False
Is 84 a factor of 366156?
True
Is 899727 a multiple of 21?
False
Is 5748 even?
True
Does 204 divide 3776448?
True
Does 62 divide 134416?
True
Is 177 a factor of 144593?
False
Is 5527 a multiple of 2?
False
Does 146 divide 150578?
False
Does 192 divide 37440?
True
Is 127 a factor of 34967?
False
Is 6080360 a multiple of 440?
True
Is 757295 a multiple of 385?
True
Is 73 a factor of 10163060?
True
Is 8029416 a multiple of 22?
False
Is 184 a factor of 57960?
True
Is 121 a factor of 1616560?
True
Is 45 a factor of 3064438?
False
Is 12 a factor of 477036?
True
Is 343 a factor of 159838?
True
Is 140244 a multiple of 325?
False
Is 14 a factor of 20975748?
False
Is 221 a factor of 26877785?
False
Does 24 divide 254849?
False
Is 138 a factor of 84342?
False
Is 5412912 a multiple of 24?
True
Does 236 divide 92748?
True
Is 21 a factor of 6867?
True
Does 11 divide 567174?
False
Is 39 a factor of 100003?
False
Does 132 divide 4337784?
True
Is 577 a factor of 45583?
True
Is 82604 a multiple of 26?
False
Is 122 a factor of 86072?
False
Is 53 a factor of 636364?
False
Is 138372 a multiple of 12?
True
Is 2668077 a multiple of 45?
False
Does 4 divide 23673?
False
Does 2 divide 531415?
False
Is 95350 a multiple of 50?
True
Does 116 divide 8682484?
True
Is 38 a factor of 2341408?
True
Is 12 a factor of 314436?
True
Does 46 divide 751921?
False
Is 215 a factor of 2698494?
False
Does 259 divide 495726?
True
Is 13 a factor of 608257?
True
Does 99 divide 2279574?
True
Is 5062904 a multiple of 44?
True
Is 14 a factor of 3540624?
False
Does 57 divide 621927?
True
Does 6 divide 277490?
False
Is 11029629 a multiple of 129?
True
Is 25 a factor of 16350106?
False
Is 465 a factor of 26300?
False
Is 1088151 a multiple of 245?
False
Does 168 divide 2021040?
True
Is 54720 a multiple of 19?
True
Is 6345291 a multiple of 50?
False
Does 524 divide 2054634?
False
Is 856 a factor of 2332600?
True
Is 651 a factor of 8714937?
True
Is 1137348 a multiple of 26?
False
Does 327 divide 94632?
False
Does 90 divide 6850260?
True
Does 36 divide 126815?
False
Is 76 a factor of 13680?
True
Does 20 divide 277720?
True
Is 31 a factor of 364405?
True
Does 31 divide 44361?
True
Is 72 a factor of 44568?
True
Is 99645 a multiple of 273?
True
Is 7 a factor of 789474?
True
Is 3 a factor of 13746?
True
Is 1024968 a multiple of 138?
False
Is 475 a factor of 1082818?
False
Is 917085 a multiple of 195?
True
Is 744444 even?
True
Is 9279028 a multiple of 44?
True
Does 33 divide 2641815?
True
Is 62985 a multiple of 255?
True
Is 3794932 a multiple of 604?
True
Is 28 a factor of 899892?
True
Does 774 divide 1138948?
False
Is 107774 a multiple of 27?
False
Is 56 a factor of 3116136?
False
Does 44 divide 593277?
False
Is 163800 a multiple of 180?
True
Does 28 divide 509096?
True
Does 85 divide 3400?
True
Does 50 divide 38822?
False
Is 395 a factor of 183023?
False
Is 159 a factor of 6678?
True
Is 9 a factor of 1213527?
False
Does 4 divide 23694?
False
Does 41 divide 4137458?
False
Is 184 a factor of 4052251?
False
Is 3 a factor of 38152?
False
Does 2091 divide 7590330?
True
Does 7 divide 9423029?
True
Is 7427749 a multiple of 22?
False
Is 311104 a multiple of 127?
False
Does 3 divide 598287?
True
Does 142 divide 1019276?
True
Is 13362720 a multiple of 1312?
True
Is 66171 a multiple of 23?
True
Does 226 divide 200914?
True
Does 181 divide 23201847?
True
Does 516 divide 184586?
False
Is 29 a factor of 3636600?
True
Does 368 divide 3656826?
False
Does 879 divide 2264304?
True
Is 14532408 a multiple of 22?
True
Does 1498 divide 1166942?
True
Does 13 divide 114767?
False
Does 735 divide 4035885?
True
Is 11 a factor of 291660?
False
Does 195 divide 804960?
True
Does 98 divide 2850544?
False
Does 21 divide 216090?
True
Is 37 a factor of 4496896?
False
Is 938080 a multiple of 110?
True
Does 32 divide 101888?
True
Does 83 divide 7636?
True
Does 255 divide 21420?
True
Does 36 divide 521020?
False
Is 250546 a multiple of 2?
True
Is 93 a factor of 2484525?
False
Does 25 divide 180600?
True
Does 42 divide 693336?
True
Is 662720 a multiple of 380?
True
Is 379408 a multiple of 2?
True
Does 7 divide 8225?
True
Is 5319938 a multiple of 868?
False
Is 24 a factor of 373056?
True
Does 282 divide 1007586?
True
Is 5136600 a multiple of 120?
True
Is 12 a factor of 157385?
False
Is 91 a factor of 9922?
False
Does 1972 divide 19347463?
False
Is 351869 a multiple of 49?
True
Is 597 a factor of 1906221?
True
Is 5924523 a multiple of 11?
True
Is 184 a factor of 2849608?
True
Is 15 a factor of 9139578?
False
Is 1532160 a multiple of 28?
True
Is 6 a factor of 351424?
False
Does 383 divide 123174?
False
Does 42 divide 1099056?
True
Does 8 divide 417709?
False
Is 192528 a multiple of 84?
True
Is 707078 a multiple of 167?
True
Is 427134 a multiple of 15?
False
Does 183 divide 1661419?
False
Does 2 divide 36083?
False
Is 2647920 a multiple of 561?
True
Is 762005 a multiple of 7?
False
Does 225 divide 3931200?
True
Does 628 divide 1686180?
True
Is 4042337 a multiple of 16?
False
Is 135679 a multiple of 37?
True
Does 2040 divide 1089360?
True
Does 8 divide 139973?
False
Does 98 divide 582202?
False
Is 257462 a multiple of 8?
False
Is 1530191 a multiple of 60?
False
Does 121 divide 167948?
True
Is 13 a factor of 4059440?
False
Is 168714 a multiple of 18?
True
Is 322292 a multiple of 197?
True
Is 41 a factor of 337191?
False
Is 137 a factor of 491282?
True
Is 66753 a multiple of 30?
False
Does 92 divide 2078654?
False
Is 302 a factor of 3357953?
False
Is 21975171 a multiple of 190?
False
Is 14326 a multiple of 58?
True
Is 2007209 a multiple of 15?
False
Is 1644428 a multiple of 9?
False
Does 47 divide 2450956?
True
Does 142 divide 853846?
True
Is 12 a factor of 633839?
False
Is 29 a factor of 205507?
False
Is 423074 a multiple of 149?
False
Does 52 divide 199836?
True
Is 210 a factor of 57750?
True
Is 340486 a multiple of 14?
False
Is 132913 a multiple of 25?
False
Is 1586345 a multiple of 15?
False
Does 198 divide 927909?
False
Is 11473726 a multiple of 158?
False
Is 398980 a multiple of 19?
False
Is 166562 a multiple of 84?
False
Is 5246825 a multiple of 78?
False
Is 16 a factor of 1717696?
True
Is 202615 a multiple of 49?
True
Is 67 a factor of 325003?
False
Is 2296053 a multiple of 588?
False
Does 54 divide 1808776?
False
Is 116660 a multiple of 19?
True
Is 13 a factor of 863370?
False
Is 14158 a multiple of 9?
False
Does 4 divide 440604?
True
Is 2291265 a multiple of 59?
True
Does 34 divide 251260?
True
Is 459777 a multiple of 37?
False
Is 30 a factor of 5081130?
True
Does 860 divide 9110840?
True
Is 3406290 a multiple of 255?
True
Does 633 divide 695034?
True
Does 138 divide 8605382?
False
Is 1165921 a multiple of 345?
False
Is 296388 even?
True
Does 87 divide 20700697?
False
Is 55280 a multiple of 123?
False
Is 75 a factor of 704250?
True
Is 929260 a mul